e
Is 2233243 a prime number?
True
Is 28807 composite?
False
Is 49919 prime?
True
Is 42899 a composite number?
False
Is 2785 prime?
False
Is 5045 composite?
True
Is 24033 composite?
True
Is 48857 a prime number?
True
Is 3137 a composite number?
False
Is 981887 prime?
True
Is 163753 a composite number?
False
Is 5129 prime?
False
Is 121517 composite?
True
Is 786293 a prime number?
False
Is 630841 prime?
True
Is 37461 a prime number?
False
Is 160613 a prime number?
False
Is 82883 composite?
False
Is 13957 a prime number?
False
Is 9529 a composite number?
True
Is 11003 a composite number?
False
Is 12869 prime?
False
Is 27137 prime?
False
Is 39505 a prime number?
False
Is 278833 prime?
False
Is 6007 composite?
False
Is 1649 composite?
True
Is 29363 composite?
False
Is 4373 a prime number?
True
Is 163393 composite?
False
Is 21673 a composite number?
False
Is 16495 a prime number?
False
Is 24322 prime?
False
Is 11089 a prime number?
False
Is 39079 composite?
False
Is 63989 prime?
False
Is 19163 prime?
True
Is 107453 a composite number?
False
Is 137266 a composite number?
True
Is 428137 a prime number?
True
Is 9763 prime?
False
Is 404331 a prime number?
False
Is 13211 a prime number?
False
Is 14143 a composite number?
False
Is 182983 a composite number?
True
Is 130915 prime?
False
Is 41639 a prime number?
False
Is 22789 prime?
False
Is 576563 composite?
True
Is 10651 prime?
True
Is 2027 composite?
False
Is 123653 a composite number?
False
Is 326831 prime?
True
Is 6803 composite?
False
Is 82417 a composite number?
True
Is 24593 prime?
True
Is 85103 prime?
True
Is 2371 a prime number?
True
Is 51257 a prime number?
True
Is 99205 composite?
True
Is 193649 a prime number?
True
Is 1657 a prime number?
True
Is 325789 a prime number?
False
Is 413 a prime number?
False
Is 1903 a composite number?
True
Is 1249 composite?
False
Is 1480109 prime?
False
Is 2947 a composite number?
True
Is 15343 a prime number?
False
Is 320789 composite?
True
Is 27463 a prime number?
False
Is 490111 a composite number?
False
Is 2846 composite?
True
Is 702941 a composite number?
True
Is 9993 a prime number?
False
Is 703694 a composite number?
True
Is 19889 a prime number?
True
Is 14969 a composite number?
False
Is 1209053 a composite number?
False
Is 6541 a composite number?
True
Is 152231 prime?
True
Is 2333 prime?
True
Is 367171 composite?
True
Is 9865 prime?
False
Is 65567 prime?
False
Is 1405 composite?
True
Is 46003 a prime number?
False
Is 4111 a prime number?
True
Is 211963 a prime number?
False
Is 77023 composite?
False
Is 22423 a composite number?
True
Is 46459 composite?
True
Is 2778559 a prime number?
False
Is 82361 a composite number?
False
Is 929 a prime number?
True
Is 90163 a composite number?
False
Is 2704199 prime?
True
Is 6599 composite?
False
Is 663437 prime?
True
Is 640019 a prime number?
True
Is 8353 a composite number?
False
Is 1835 composite?
True
Is 12053 prime?
False
Is 303821 composite?
True
Is 149969 composite?
False
Is 2798 prime?
False
Is 3044429 a prime number?
True
Is 39779 prime?
True
Is 519539 composite?
False
Is 1026757 a composite number?
False
Is 54737 composite?
True
Is 16294 a prime number?
False
Is 52999 prime?
True
Is 7393 composite?
False
Is 416071 composite?
False
Is 17635 prime?
False
Is 297247 a composite number?
False
Is 569237 a prime number?
True
Is 12139 composite?
True
Is 16753 prime?
False
Is 38051 a prime number?
False
Is 6143 prime?
True
Is 296099 prime?
True
Is 464069 prime?
True
Is 8059 prime?
True
Is 921287 prime?
True
Is 239779 composite?
False
Is 23269 prime?
True
Is 3007 composite?
True
Is 3343 a composite number?
False
Is 32471 a prime number?
False
Is 3823289 a prime number?
True
Is 329761 a prime number?
True
Is 66977 a prime number?
True
Is 357047 a prime number?
True
Is 5297 a prime number?
True
Is 95701 prime?
True
Is 14851 composite?
False
Is 403657 a composite number?
True
Is 1793 a prime number?
False
Is 111919 prime?
True
Is 13271 a composite number?
True
Is 18053 a composite number?
True
Is 2237 composite?
False
Is 1708859 a composite number?
False
Is 566833 a prime number?
True
Is 4853 a composite number?
True
Is 10774 a composite number?
True
Is 1864993 a composite number?
True
Is 6121 prime?
True
Is 822517 a prime number?
True
Is 13069 composite?
True
Is 13766 a composite number?
True
Is 1501009 composite?
False
Is 212051 a prime number?
False
Is 71543 a prime number?
False
Is 262583 composite?
False
Is 2609 composite?
False
Is 2719 a prime number?
True
Is 953 a composite number?
False
Is 24317 a composite number?
False
Is 18653 composite?
True
Is 14503 composite?
False
Is 12899 a prime number?
True
Is 44449 prime?
True
Is 115201 composite?
False
Is 148883 a prime number?
False
Is 16197 a composite number?
True
Is 80557 a prime number?
True
Is 17707 a prime number?
True
Is 54523 prime?
False
Is 61037 composite?
True
Is 7253 a prime number?
True
Is 82867 composite?
True
Is 12047 a composite number?
True
Is 273857 a prime number?
True
Is 19441 composite?
False
Is 17881 prime?
True
Is 11281 prime?
False
Is 154181 composite?
False
Is 296551 composite?
False
Is 99266 a composite number?
True
Is 703631 a composite number?
False
Is 79529 a prime number?
False
Is 23789 a prime number?
True
Is 1031899 composite?
True
Is 42095 prime?
False
Is 6059459 composite?
True
Is 30133 a composite number?
False
Is 3271 prime?
True
Is 1838 composite?
True
Is 578021 a prime number?
True
Is 1592081 prime?
True
Is 7477 prime?
True
Is 19939 a prime number?
False
Is 958 a prime number?
False
Is 34795 a prime number?
False
Is 17801 prime?
False
Is 52051 a composite number?
False
Is 499 a prime number?
True
Is 20873 a prime number?
True
Is 238939 composite?
False
Is 218 prime?
False
Is 727457 composite?
True
Is 67107 a composite number?
True
Is 125059 prime?
False
Is 11981 a prime number?
True
Is 99653 a prime number?
False
Is 498209 prime?
True
Is 34057 a composite number?
False
Is 582055 a prime number?
False
Is 3511 a prime number?
True
Is 117713 a prime number?
False
Is 15793 composite?
True
Is 1975399 a composite number?
False
Is 1381 composite?
False
Is 6287 a prime number?
True
Is 30967 a prime number?
False
Is 5627 a prime number?
False
Is 633667 a prime number?
True
Is 2743 a prime number?
False
Is 1312079 a prime number?
True
Is 82487 a composite number?
False
Is 2116031 prime?
False
Is 2479 composite?
True
Is 83021 a prime number?
False
Is 7369 composite?
False
Is 38758 a prime number?
False
Is 3953 prime?
False
Is 560513 a prime number?
False
Is 26327 composite?
True
Is 21694 a prime number?
False
Is 4327 prime?
True
Is 689915 composite?
True
Is 307127 a prime number?
False
Is 2231 composite?
True
Is 1344713 a composite number?
True
Is 79481 prime?
True
Is 117911 a composite number?
False
Is 1465 a composite number?
True
Is 373423 prime?
False
Is 264279 a composite number?
True
Is 1466471 a prime number?
False
Is 968189 a composite number?
True
Is 1174793 a composite number?
False
Is 1753 composite?
False
Is 701899 a prime number?
False
Is 1999229 a composite number?
True
Is 18589 composite?
True
Is 235367 prime?
False
Is 435677 a prime number?
False
Is 4201 prime?
True
Is 546461 a composite number?
False
Is 833509 a prime number?
True
Is 266559 composite?
True
Is 150287 prime?
True
Is 34285 a prime number?
False
Is 136727 prime?
True
Is 149879 a prime number?
False
Is 1137149 a composite number?
True
Is 758 a composite number?
True
Is 2503 composite?
False
Is 773681 a composite number?
False
Is 255883 a composite number?
True
Is 14218 composite?
True
Is 198995 a prime number?
False
Is 375289 a composite number?
True
Is 158843 composite?
False
Is 434117 prime?
True
Is 3593 prime?
True
Is 1589 a composite number?
True
Is 33206 a composite number?
True
Is 18301 composite?
False
Is 16007 prime?
True
Is 345767 a prime number?
False
Is 215051 a prime number?
True
Is 4073 prime?
True
Is 92465 a composite number?
True
Is 20563 composite?
False
Is 1025537 prime?
True
Is 28201 prime?
True
Is 802751 prime?
True
Is 791179 prime?
False
Is 54479 a prime number?
False
Is 21839 a composite number?
False
Is 14254 composite?
True
Is 16909 a prime number?
False
Is 1851497 prime?
False
Is 2557 a composite number?
False
Is 64693 a composite num